*v = 4*q - 1. Let p(l) = 7*l**2. Give p(q).
7
Let a(k) = -34*k - 1305. Let p be a(-38). Let z(h) = -6*h - 78. What is z(p)?
0
Let r be (204/(-5))/((-416)/65 - -6). Suppose 0 = -11*v + 28*v - r. Let l(p) = p**3 - 6*p**2 - 6. Determine l(v).
-6
Suppose 2*l - 4 + 2 = 0. Let y(f) be the first derivative of 5*f**4/24 - 2*f**2 - 16. Let b(s) be the second derivative of y(s). What is b(l)?
5
Suppose -6 - 9 = -5*i. Let m(t) = -t. Let y(j) be the first derivative of -j**2/2 - 18. Let b(o) = m(o) + 3*y(o). Determine b(i).
-12
Let y = 19 + -57. Let o = y + 40. Suppose 18 = 4*x - 3*k, -k = 4*x + o*k - 6. Let a(p) = -p**2 - 1. Give a(x).
-10
Suppose 23*o - 1571 = -v + 22*o, 5*v = 5*o + 7825. Let a(i) = v*i**2 - i - 7 - 1575*i**2 + 3*i - i**3. Give a(-7).
-21
Let u be (-2)/(-4) - 1/2. Let x(d) = 35*d**2 - 3*d + 6. Let a(v) = -332*v**2 + 28*v - 55. Let n(z) = -2*a(z) - 19*x(z). Give n(u).
-4
Let j be 2 + 36/(-16) - (5/(-20) - 3). Let b(a) = -a**2 - 5*a + 3. Determine b(j).
-21
Let f(y) be the third derivative of -y**8/20160 - y**7/1008 - y**6/120 + y**5/15 - y**4/12 - 7*y**2. Let b(o) be the third derivative of f(o). Calculate b(-4).
-2
Let y be -14 - (-96)/(-6 - -12). Suppose g - 2 - 1 = 0. Let o(v) = -4*v**2 - 23 + g*v**2 + 0*v**y. Calculate o(0).
-23
Let w(n) be the first derivative of 17*n**2/2 - 93*n - 1501. What is w(6)?
9
Suppose -2*j - u + 15 = 3*j, -j + 3 = -u. Let w be -2*27/(-18)*(-4)/j. Let k(y) be the first derivative of -y**3/3 - 2*y**2 - 2*y + 90. Give k(w).
-2
Suppose -64*w + 120 = 151 + 289. Let b(p) = -11*p**2 - 56*p - 3. Give b(w).
2
Let b(y) be the third derivative of y**5/60 - 3*y**4/8 + 5*y**3/6 + 13*y**2. Suppose -3*u - 5*t - 4 = 0, -9 = -10*u + 8*u - t. Determine b(u).
-9
Let d(n) = -5*n**3 - 25*n**2 + 17*n + 2. Let q(v) be the first derivative of 3*v**4/2 + 26*v**3/3 - 17*v**2/2 + 79. Let m(s) = 7*d(s) + 6*q(s). Calculate m(18).
-4
Let y(w) = -w. Let k(u) = -4*u - 1. Let g(d) = -k(d) + 3*y(d). Suppose 111 = 2*m + 2*t - 201, -4*m = -4*t - 584. Let c = m + -146. Calculate g(c).
6
Let f(w) = -2*w - 8. Suppose -490 - 200 = 2*a. Let r = 339 + a. What is f(r)?
4
Let b(g) be the third derivative of g**6/120 + 2*g**5/15 + g**4/4 + 4*g**2. Suppose 31*l - 15*l + 4*l = -140. What is b(l)?
7
Let y(a) = 16*a**2 - 1412*a + 365. Let d be y(88). Let k(h) = -12*h + 156. Let i(p) = 3*p - 39. Let b(c) = -9*i(c) - 2*k(c). Give b(d).
0
Let c(d) = -4*d**3 - 8*d**2 + 14*d - 13. Let i(x) = 5*x**3 + 8*x**2 - 15*x + 17. Let u(g) = 4*c(g) + 3*i(g). Give u(-9).
-19
Let u be 104/5 + (-11)/(-55). Suppose -7*w + u = -7. Suppose -y + 7*p = 3*p + 6, 0 = -w*p + 12. Let d(i) = -i + 1. Give d(y).
-5
Let m = 8457 + -8451. Let a(f) = 3*f + 2 - 3 - 3. What is a(m)?
14
Let g(j) = 0*j - 2*j + 9 - 5*j - 2. Let q(i) = -i**3 + 21*i**2 - 20*i - 64. Let u be q(20). Let l = 69 + u. Calculate g(l).
-28
Let v(n) = n**3 - 32*n**2 + 61*n - 31. Let g be v(30). Let b(x) be the first derivative of -3*x**4/4 - 2*x**3/3 + x + 88. Calculate b(g).
2
Suppose -76 = s - 78. Let i(k) = -345 + 338 + 5*k - s*k - k. Let z = 17 + -25. Give i(z).
-23
Let p(a) = -a + 12. Let i be p(12). Let b(d) be the third derivative of -d**5/60 - d**4/24 - 5*d**3/2 + 2*d**2 - 7*d. Calculate b(i).
-15
Let i(p) be the second derivative of 59*p**3/6 - 641*p**2/2 + 3182*p. What is i(11)?
8
Let t(i) be the first derivative of -3*i**2/2 - 27*i - 6019. Calculate t(2).
-33
Let l(n) be the third derivative of 11*n**9/30240 + n**8/10080 + n**7/5040 + 69*n**5/20 + 212*n**2. Let d(v) be the third derivative of l(v). Calculate d(-1).
-21
Let a be 5/10*(-168)/(-42). Let f(r) be the first derivative of -3*r + 1/3*r**3 + r**a - 10. What is f(2)?
5
Suppose -7*b + 4 = -9*b. Let i be (-1)/b + 2 + 6/(-12). Let r(j) = j - 7*j**2 - i*j - 6*j + 4 + 6*j**2. Give r(-8).
-4
Suppose 0*o - 2 = r + o, 3*r + o = -4. Let t(y) = -y**2 + 15*y + 35. Let g be t(17). Let w(p) = 242*p**2 + g - 461*p**2 + 237*p**2. What is w(r)?
19
Let j(d) = -10*d. Suppose i = -7*i - 3608. Let c = i - -450. Determine j(c).
10
Let j be (-5)/(-20)*-10*8/(-10). Suppose -2 = -j*r - a - 1, -2*a + 20 = -5*r. Let o(h) = -h**2 - 3*h - 3. Calculate o(r).
-1
Let d = 25778 - 25789. Let c(z) = -z**3 - 13*z**2 - 8*z + 3. What is c(d)?
-151
Let g(a) = 12*a**2 - 2*a + 1. Suppose -2*f = 5*k + 13, 27*k = 4*f + 24*k - 13. Give g(f).
11
Suppose 0 = -3*w - w + 24. Let z be (-1 - 2) + (26 - 0) + -4. Let p(m) = -m**3 + w*m**2 - 20*m + 0*m**2 + z*m. Determine p(6).
-6
Suppose 5*z - 6 = 4*v, 2*v = z - 2*z - 10. Let k be z - (-1)/(-2*2/(-12)). Let g(p) = -3*p - k - 12*p**3 - 3*p - 4*p**2 + 4*p + 11*p**3. Give g(-4).
7
Let h(d) be the second derivative of -d**4/12 + 7*d**3/3 + d**2 - 412*d. Calculate h(10).
42
Let q(d) = -7*d - d + 11*d - d + 2 - 3*d**2 + 2*d**3. Let y(p) = 2*p - 8. Let k be y(5). Give q(k).
10
Suppose 3*m - m + 6 = 0. Suppose o = -96 + 92. Let u(n) = -2*n**2 + 6*n - 9. Let z(s) = 3*s**2 - 5*s + 10. Let b(h) = m*z(h) + o*u(h). What is b(-10)?
-4
Let x(t) = t - 11. Let f(h) = 155*h + 1707. Let y be f(-11). Calculate x(y).
-9
Let l(t) = -t**2 + t + 8. Let c(q) = 2*q**2 - q + 2. Let r be c(3). Suppose 17 = 4*u + r. What is l(u)?
8
Let g(o) = 25*o - 17. Let d(z) = -9*z + 6. Let u = -272 - -255. Let a(p) = u*d(p) - 6*g(p). Calculate a(3).
9
Let k = 223 - 213. Let t(v) = 27*v - 2 - 28*v + 8 + k. Determine t(8).
8
Let h be (-9 - (-10 + 2))/(-1). Let w(i) = 3*i**2 - 6*i - 3. Let n(x) = 9*x**2 - 17*x - 8. Let b(a) = -4*n(a) + 11*w(a). What is b(h)?
-2
Let a = -30177 - -30184. Let i(f) = -5*f**2 + 27*f + 5. Determine i(a).
-51
Let g(w) = 6*w**2 + 2 - w**3 - w + 6*w + 4*w. Let r be g(7). Suppose 0 = 7*n - r*n + 72. Let t(q) = -q**3 + 7*q**2 + 9*q + 2. Calculate t(n).
10
Let y(k) be the third derivative of k**5/60 + k**4/6 - 44*k**3/3 + 784*k**2. Calculate y(8).
8
Let s = 4 + 4. Let w(t) be the third derivative of t**3 - 9*t**2 - 1/24*t**4 + 0*t + 0. Determine w(s).
-2
Suppose 13214*h - 144 = 13166*h. Let x(o) = -53*o + 171. Determine x(h).
12
Let l be -5 - (-2 - 0 - (-6 + 2)). Let n(b) = -b**3 - 7*b**2 + 7*b + 26. Calculate n(l).
-23
Let p(q) be the first derivative of -41*q**3/3 - 3*q**2 - 7*q - 2330. What is p(-1)?
-42
Suppose 302*a - 2306 = 95*a + 178. Let o(y) = 11*y**3 - 33*y**2 + 3*y + 45. Let f(t) = 5*t**3 - 16*t**2 + t + 22. Let b(d) = 9*f(d) - 4*o(d). Determine b(a).
-18
Let o(r) = -3*r**3 - 5*r**2 + 10*r - 2. Let i(b) = 2*b**3 + 6*b**2 - 8*b + 1. Suppose -22*w + 50 = -16. Let a(v) = w*o(v) + 4*i(v). Give a(9).
-20
Let x(b) be the third derivative of b**7/840 + b**6/72 + b**4/12 - 9*b**3/2 + 12*b**2 + 5. Let k(p) be the first derivative of x(p). Give k(-3).
20
Let q(y) = y**3 - 10*y**2 - y - 7. Let m be q(10). Let z = -22 - m. Let o(p) = -p - 2 + 5 - 6 - 2. Calculate o(z).
0
Suppose 3*t = -4*z + 10, -z - 49 = -5*t - 17. Let j(v) = -5*v**2 + 0*v**2 + 6 - 6*v + v**3 + 1 - 10 + 9. Determine j(t).
6
Suppose -a + 6*a = 3*g + 12, 0 = -5*g + 4*a - 7. Let k(d) = -8*d + g - 2*d + 12*d - 2. Let x = -18 + 22. What is k(x)?
7
Let f(m) = 6*m**2 + 314*m + 9. Let k(o) = 4*o**2 + 224*o + 6. Let n(g) = 5*f(g) - 7*k(g). Determine n(0).
3
Let n(l) be the second derivative of 0 - 16*l + 15/2*l**2 + 0*l**3 + 1/60*l**5 + 1/24*l**4. Let c(i) be the first derivative of n(i). What is c(-4)?
12
Let n(d) = -d**2 - 5*d - 3. Let c be 3/(-10) + 8533/1610. Let v = -15 + 25. Suppose c*l - v = -40. Give n(l).
-9
Let r(n) = -2*n - 12. Let p be r(-8). Suppose -j + 5 = 0, -p*d + 4*j + 8 = -84. Let c(a) = a + 0*a - 27*a**2 + 11*a**3 + d*a**2. Calculate c(-1).
-11
Let t(b) = -11*b**2 + b + 5. Suppose -5*p - 3*c + 24 = 0, -429*p + 2*c - 9 = -430*p. Give t(p).
-91
Let h be 54/45*5/3. Let q(w) = h*w - 5*w + 2*w**2 - w**2 - 5*w + 8. Let l be q(6). Let j(m) = -m - 6. Give j(l).
-2
Suppose -9*i = -10*i - 3. Let m be (-8)/i*78/104. Let v(b) = 2*b**m + 6*b + 2 - 4*b + 4*b. Give v(-4).
10
Let c(o) = 39*o - 5667. Let j(g) = -79*g + 12751. Let y(m) = 9*c(m) + 4*j(m). Suppose k - 2 = -3. What is y(k)?
-34
Let k be (-65)/(-25) - (-4)/10. Suppose -r - 17 = 3*x, 6 = 3*r - k*x + 21. Let d(y) = y**3 + 7*y**2 - 8*y - 5. Calculate d(r).
-5
Let i(k) = 2*k + 6. Let q be i(0). Let d(g) = -2*g - q*g**2 + 0*g - 5 + 12*g**3 - 23*g**3 + 10*g**3. Give d(-6).
7
Let p be 3/(11 - 14)*3. Let b(w) = 2*w**3 - 3*w**2 - 6. Calculate b(p).
-87
L